{"id":3232,"date":"2020-08-18T14:00:21","date_gmt":"2020-08-18T21:00:21","guid":{"rendered":"https:\/\/anaheimelementary.org\/westmont\/?page_id=3232"},"modified":"2022-08-08T08:24:43","modified_gmt":"2022-08-08T15:24:43","slug":"a-word-from-our-principal","status":"publish","type":"page","link":"https:\/\/anaheimelementary.org\/westmont\/a-word-from-our-principal\/","title":{"rendered":"A Word From Our Principal"},"content":{"rendered":"\n<div class=\"wp-block-group no-translate\"><div class=\"wp-block-group__inner-container is-layout-flow wp-block-group-is-layout-flow\">\n<p class=\"py-2\">Dear Wildcat Families,<\/p>\n\n\n\n<p class=\"py-2\">I hope that you've had a relaxing and enjoyable summer break and that you and your children are ready to return to a new school year! I am excited and honored to begin my journey as the principal of Westmont Elementary School and am looking forward to getting to know you and your children.<\/p>\n\n\n\n<p class=\"py-2\">I am eager to serve our students as they continue to learn and grow as kind citizens and hard-working scholars. I know that through a strong home-school connection and collaboration, we will ensure that our Westmont Wildcats engage in meaningful learning opportunities and have a successful school year! Please stop by to introduce yourself. Should you have any questions or need anything, please don't hesitate to reach out to me.<\/p>\n\n\n\n<p class=\"py-2\">In gratitude,<br>Denise Victoria<\/p>\n<\/div><\/div>\n\n\n\n<hr class=\"wp-block-separator has-alpha-channel-opacity\"\/>\n\n\n\n<div class=\"wp-block-group no-translate\"><div class=\"wp-block-group__inner-container is-layout-flow wp-block-group-is-layout-flow\">\n<p class=\"py-2\">Estimadas familias de Wildcats,<\/p>\n\n\n\n<p class=\"py-2\">\u00a1Espero que haya tenido unas vacaciones de verano relajantes y agradables y que usted y sus hijos est\u00e9n listos para regresar a un nuevo a\u00f1o escolar! Estoy emocionada y honrada de comenzar mi viaje como directora de la Escuela Primaria Westmont y espero conocerlos a ustedes ya sus hijos.<\/p>\n\n\n\n<p class=\"py-2\">Estoy entusiasmado por servir a nuestros estudiantes mientras contin\u00faan aprendiendo y creciendo como ciudadanos amables y acad\u00e9micos trabajadores. \u00a1S\u00e9 que a trav\u00e9s de una fuerte conexi\u00f3n y colaboraci\u00f3n entre el hogar y la escuela, nos aseguraremos de que nuestros Westmont Wildcats participen en oportunidades de aprendizaje significativas y tengan un a\u00f1o escolar exitoso! Pase por aqu\u00ed para presentarse. Si tiene alguna pregunta o necesita algo, no dude en comunicarse conmigo.<\/p>\n\n\n\n<p class=\"py-2\">en agradecimiento,<br>Denise Victoria<\/p>\n<\/div><\/div>\n","protected":false},"excerpt":{"rendered":"<p class=\"py-2\">Dear Wildcat Families,<\/p>\n<p class=\"py-2\">I hope that you\u2019ve had a relaxing and enjoyable summer break and that you and your children are ready to return to a new school year! I am excited and honored to begin my journey as the principal of Westmont Elementary School and am looking forward to getting to know you and your children.<\/p>\n<p class=\"py-2\">I am eager to serve our students as they continue to learn and grow as kind citizens and hard-working scholars. I know that through a strong home-school connection and collaboration, we will ensure that our Westmont Wildcats engage in meaningful learning opportunities and have a successful school year! Please stop by to introduce yourself. Should you have any questions or need anything, please don\u2019t hesitate to reach out to me.<\/p>\n<p class=\"py-2\">In gratitude,<br \/>Denise Victoria<\/p>\n","protected":false},"author":3887,"featured_media":3874,"parent":0,"menu_order":0,"comment_status":"closed","ping_status":"closed","template":"aesd-page-school.php","meta":{"_acf_changed":false,"_stopmodifiedupdate":false,"_modified_date":"","_relevanssi_hide_post":"","_relevanssi_pin_for_all":"","_relevanssi_pin_keywords":"","_relevanssi_unpin_keywords":"","_relevanssi_related_keywords":"","_relevanssi_related_include_ids":"","_relevanssi_related_exclude_ids":"","_relevanssi_related_no_append":"","_relevanssi_related_not_related":"","_relevanssi_related_posts":"3413,3606,28113,28001,19660,13012","_relevanssi_noindex_reason":"","footnotes":""},"class_list":["post-3232","page","type-page","status-publish","has-post-thumbnail","hentry"],"acf":[],"publishpress_future_action":{"enabled":false,"date":"2026-04-28 01:17:19","action":"change-status","newStatus":"draft","terms":[],"taxonomy":"","extraData":[]},"publishpress_future_workflow_manual_trigger":{"enabledWorkflows":[]},"_links":{"self":[{"href":"https:\/\/anaheimelementary.org\/westmont\/wp-json\/wp\/v2\/pages\/3232","targetHints":{"allow":["GET"]}}],"collection":[{"href":"https:\/\/anaheimelementary.org\/westmont\/wp-json\/wp\/v2\/pages"}],"about":[{"href":"https:\/\/anaheimelementary.org\/westmont\/wp-json\/wp\/v2\/types\/page"}],"author":[{"embeddable":true,"href":"https:\/\/anaheimelementary.org\/westmont\/wp-json\/wp\/v2\/users\/3887"}],"replies":[{"embeddable":true,"href":"https:\/\/anaheimelementary.org\/westmont\/wp-json\/wp\/v2\/comments?post=3232"}],"version-history":[{"count":5,"href":"https:\/\/anaheimelementary.org\/westmont\/wp-json\/wp\/v2\/pages\/3232\/revisions"}],"predecessor-version":[{"id":3887,"href":"https:\/\/anaheimelementary.org\/westmont\/wp-json\/wp\/v2\/pages\/3232\/revisions\/3887"}],"wp:featuredmedia":[{"embeddable":true,"href":"https:\/\/anaheimelementary.org\/westmont\/wp-json\/wp\/v2\/media\/3874"}],"wp:attachment":[{"href":"https:\/\/anaheimelementary.org\/westmont\/wp-json\/wp\/v2\/media?parent=3232"}],"curies":[{"name":"wp","href":"https:\/\/api.w.org\/{rel}","templated":true}]}}